{"id":252,"date":"2012-03-04T16:34:42","date_gmt":"2012-03-04T16:34:42","guid":{"rendered":"http:\/\/salzer-holzwerkstatt.de\/?page_id=5"},"modified":"2012-03-04T16:34:42","modified_gmt":"2012-03-04T16:34:42","slug":"uber-mich","status":"publish","type":"page","link":"https:\/\/salzer-holzwerkstatt.de\/?page_id=252","title":{"rendered":"\u00dcber mich"},"content":{"rendered":"<ul>\n<li>Ich bin ein 1-Mann-Betrieb und arbeite fast nur in meiner Werkstatt.<\/li>\n<\/ul>\n<ul>\n<li>Begonnen habe ich mit Kinderspielzeug und Kinderm\u00f6beln, inzwischen baue ich u.a. auch Ladeneinrichtungen.<\/li>\n<\/ul>\n<ul>\n<li>Den Umfang meiner Arbeiten sehen Sie am Besten an den Fotos auf der Internetseite.<\/li>\n<\/ul>\n<ul>\n<li>Ich bem\u00fche mich, eine vern\u00fcnftige Mischung zwischen meinem erlernten Beruf\u00a0 Zimmermann (Dachst\u00fchle und Fachwerkbau) und meiner seit 1988 selbst\u00e4ndigen Schreinert\u00e4tigkeit zu finden.<\/li>\n<\/ul>\n<ul>\n<li>Das hei\u00dft, ich bin bestrebt, L\u00f6sungen zu finden die mit m\u00f6glichst wenig Aufwand\u00a0 ein\u00a0 gutes Preis &#8211; Leistungsverh\u00e4ltnis ergeben, teilweise auch mit\u00a0 &#8222;nicht Schreiner \u00fcblichen \u00a0Ausf\u00fchrungen&#8220;.<\/li>\n<\/ul>\n<ul>\n<li>Hierbei ist nat\u00fcrlich das Risko, da\u00df der Kunde eine andere Vorstellung bzgl. Preis und \u00a0Leistung hat, sehr gro\u00df.<\/li>\n<\/ul>\n<ul>\n<li>Meistens gelingt es mir jedoch vorab zu kl\u00e4ren, ob Ihre und meine Vorstellungen zusammenpassen, ich bitte Sie jedoch dieses auch zu bedenken.<\/li>\n<\/ul>\n","protected":false},"excerpt":{"rendered":"<p>Ich bin ein 1-Mann-Betrieb und arbeite fast nur in meiner Werkstatt. Begonnen habe ich mit Kinderspielzeug und Kinderm\u00f6beln, inzwischen baue ich u.a. auch Ladeneinrichtungen. Den Umfang meiner Arbeiten sehen Sie am Besten an den Fotos auf der Internetseite. Ich bem\u00fche &hellip; <a href=\"https:\/\/salzer-holzwerkstatt.de\/?page_id=252\">Weiterlesen <span class=\"meta-nav\">&rarr;<\/span><\/a><\/p>\n","protected":false},"author":2,"featured_media":0,"parent":0,"menu_order":3,"comment_status":"closed","ping_status":"closed","template":"","meta":{"footnotes":""},"class_list":["post-252","page","type-page","status-publish","hentry"],"_links":{"self":[{"href":"https:\/\/salzer-holzwerkstatt.de\/index.php?rest_route=\/wp\/v2\/pages\/252","targetHints":{"allow":["GET"]}}],"collection":[{"href":"https:\/\/salzer-holzwerkstatt.de\/index.php?rest_route=\/wp\/v2\/pages"}],"about":[{"href":"https:\/\/salzer-holzwerkstatt.de\/index.php?rest_route=\/wp\/v2\/types\/page"}],"author":[{"embeddable":true,"href":"https:\/\/salzer-holzwerkstatt.de\/index.php?rest_route=\/wp\/v2\/users\/2"}],"replies":[{"embeddable":true,"href":"https:\/\/salzer-holzwerkstatt.de\/index.php?rest_route=%2Fwp%2Fv2%2Fcomments&post=252"}],"version-history":[{"count":0,"href":"https:\/\/salzer-holzwerkstatt.de\/index.php?rest_route=\/wp\/v2\/pages\/252\/revisions"}],"wp:attachment":[{"href":"https:\/\/salzer-holzwerkstatt.de\/index.php?rest_route=%2Fwp%2Fv2%2Fmedia&parent=252"}],"curies":[{"name":"wp","href":"https:\/\/api.w.org\/{rel}","templated":true}]}}